 t**2 - 7*t - 6*t. Determine x(-5).
1
Let t = 1776 - 1797. Let y(i) = 5*i + 110. Give y(t).
5
Let q(y) = -2 + 1 + 2*y + 2*y - 9*y. Let s = 238 - 239. What is q(s)?
4
Suppose -3*j - 24 = -6. Let w(c) = c**3 + 6*c**2 - 2*c - 12. Let p be w(j). Let g(n) = n**2 - 13. Give g(p).
-13
Let l(m) = m**2 + 14*m + 7. Let f(v) = -2*v**2 - 61*v - 126. Let h be f(-2). Calculate l(h).
-17
Let b(y) be the second derivative of -y**4/12 - 7*y**3/6 - 5*y**2/2 - 16*y. Let h(k) be the first derivative of b(k). What is h(-5)?
3
Let i be (((-18)/4)/(-3))/(3/4). Let l(q) = 10*q**i - q**2 - 1 + 13*q**2 + q + q**2. Give l(1).
23
Let h be 30/(-18)*(-6)/2. Let i(y) be the third derivative of 0 - h*y**2 - 1/24*y**4 + 0*y - 1/2*y**3. What is i(-4)?
1
Let q(f) be the second derivative of -f**5/20 - f**4/12 + f**3/2 - 2*f**2 - 2*f - 19. Give q(-3).
5
Suppose 5*c + 4*h - 7 = 0, 4*c + 5*h + 7 = 3*c. Let o(g) = 70*g**2 - 73*g**2 - c*g - g - 2. Give o(-2).
-6
Let j(v) = 2*v**3 - 16*v**2 - 20*v + 13. Let d be j(9). Let m(u) = -5 - u + 2*u - 5 + 4. Give m(d).
-11
Let q(p) be the third derivative of 1/3*p**3 - 1/8*p**4 + 0*p + 1/60*p**5 + 0 + 1/120*p**6 - 18*p**2. Determine q(-3).
-7
Let c(k) be the third derivative of -1/12*k**5 - 3/8*k**4 + 1/120*k**6 + k**3 + 0*k + 0 + 11*k**2. Give c(6).
-12
Let u(k) = k + 4*k**2 + k**2 - 11*k**2 - 5*k**2. What is u(-1)?
-12
Let o = 19 - 25. Let x(m) = -m**2 - 5*m - 2. Let h be x(o). Let i be 16/(-10) - h/(-20). Let t(w) = w + 2. What is t(i)?
0
Let c(w) = -10 - 2*w - 7 + 12. Suppose -3*t - 5 = -y, -y + 4*t = -5*y - 28. Give c(y).
3
Let z(g) be the second derivative of -3/2*g**2 + g**3 + 0 + 15*g + 5/12*g**4 - 1/20*g**5. Calculate z(6).
-3
Let c(t) be the first derivative of -t**3/3 - t**2 - 3*t + 51. Determine c(-4).
-11
Let u be 12/(-108) - (-1)/(36/(-248)). Let h(s) = -s**3 + 5*s**2 - 2*s - 2. Let b be h(5). Let v = b - u. Let c(m) = m**2 + 4*m + 6. Calculate c(v).
11
Suppose 7*u + 84 = -14*u. Let z(t) = -t**3 - 4*t**2 + 7*t + 8. What is z(u)?
-20
Let c(b) = -b**3 + b**2 + b - 1. Let n(d) = 5*d**3 - 13*d**2 + d + 8. Let t(g) = -6*c(g) - n(g). Determine t(-8).
-10
Let w(t) = t**2 + 4*t + 6. Suppose c = -5*g + g + 9, 2*g - 3*c - 1 = 0. Suppose -k = g*k + 12. Determine w(k).
6
Suppose -10 + 1 = -9*q. Let j(i) = -i + 8. Let l be j(6). Let m(u) = -2*u + 8*u - l*u. Give m(q).
4
Let r(g) = 4*g + 12. Let z(s) = -s - 4. Let n(d) = -2*r(d) - 7*z(d). Calculate n(7).
-3
Let i(q) = -q**3 + 3*q**2 + 6*q - 6. Let s be i(4). Suppose 1 = n - 2. Let r(b) = -3*b**s + b**n - 65*b - 2*b**2 + 58*b + 2. Determine r(6).
-4
Let i(t) be the second derivative of -t**5/120 + t**4/12 + 22*t**3/3 + 22*t. Let l(o) be the second derivative of i(o). Suppose -15 = 4*z + 9. Determine l(z).
8
Suppose -113*v = -96*v - 136. Let i(m) = 2*m - 15. Determine i(v).
1
Suppose 4*l - 5*q - 7 = -24, 3*q - 19 = -2*l. Let y(o) = -3*o. What is y(l)?
-6
Let k(l) be the first derivative of 6 - l**2 - l - 1/3*l**3 + 1/4*l**4. Calculate k(2).
-1
Suppose 3*p + 28 = -p. Let f(k) be the first derivative of k**4/12 + 4*k**3/3 + 7*k**2/2 - 61*k + 41. Let o(s) be the first derivative of f(s). Give o(p).
0
Let u(p) = -4*p + 1. Let m be (-69)/(-15) + (-10)/(-25). Let j be (4 + -3)*-3 - m. Let r(c) = c**3 + 8*c**2 + c + 12. Let s be r(j). What is u(s)?
-15
Let r be 3*-1*(-14)/6. Let x(m) = -m - 4. Let t(g) = 459*g - 7 + 470*g - 931*g. Let k(v) = r*x(v) - 4*t(v). What is k(5)?
5
Let u(c) be the third derivative of c**5/60 - 13*c**4/24 + 11*c**3/3 - 2*c**2. Let q be u(11). Let a(b) = b**2 - 9. Determine a(q).
-9
Let x(g) = -g**3 + g + 11. Suppose 0*t + 5*t - 10 = 0. Suppose 2*v - 3*a = -t*v + 6, 0 = 2*v + 4*a + 8. Calculate x(v).
11
Let w(v) be the second derivative of 1/6*v**3 + 0 - 1/20*v**5 - 1/6*v**4 + 3/2*v**2 + v. Suppose 96*b - 94*b - 3*r = -18, -3*b + 3*r = 21. Give w(b).
9
Suppose 5*a - 26 = 2*j, 0 = -4*j - 5*a + a - 24. Let w(o) = 2*o**3 + 16*o**2 - o - 4. Calculate w(j).
4
Let l(f) be the second derivative of -f**5/5 + f**4/12 + 2*f**3/3 + f**2 - 183*f. Give l(-1).
3
Suppose 0 = -6*f - 4*f + 90. Let v(l) = l - 10. What is v(f)?
-1
Suppose -3*l - 2*l - 10 = 5*i, -18 = -5*l + 2*i. Let r(s) = s**3 - 2*s**2 + 3*s - 4. Let k be r(2). Let u(w) = -4*w**2 + w**k + 2 - 4. What is u(l)?
-14
Suppose -9 = -2*y - y. Suppose 5 = g + y. Let a(t) = 4*t**3 - 4*t - 5*t**3 + 4 - 6*t**g - t. Determine a(-4).
-8
Let h(j) = -2*j. Let z(u) = -u**3 - 7*u**2 - 3*u + 8. Let x be z(-6). Let t = x - -13. Determine h(t).
-6
Let m(d) = d**2 + 5*d - 2. Let x be m(-5). Let n(b) = b - 2. Let q(r) = 6*r - 11. Let l(j) = x*q(j) + 11*n(j). What is l(2)?
-2
Let k(h) be the second derivative of h**6/360 + h**5/120 + h**4/24 + h**3/6 - 8*h**2 + 2*h - 4. Let f(p) be the second derivative of k(p). Calculate f(-3).
7
Let g = -17 + 28. Let o(b) = -b + g + 3 - 15 + 6. Let h be o(4). Let c(i) = 12*i**3 - 2*i**2 + i. What is c(h)?
11
Suppose -102*l + 106*l = 12. Suppose 6 - 18 = -4*c. Let k(d) = 2 - 3*d - 2 + 1 - c. Give k(l).
-11
Suppose 5*d = 2*p - 182, -3*d + 0*p - 4*p - 130 = 0. Let x = 35 + d. Let k(y) be the third derivative of -y**4/24 + 2*y**2. What is k(x)?
3
Let x(t) be the second derivative of t**3/3 + 3*t**2 - 6*t. Suppose y + 28 - 9 = -5*v, 0 = v + 5*y - 1. Calculate x(v).
-2
Let j(f) be the third derivative of -f**5/60 - 7*f**4/24 - 5*f**3/6 - 2*f**2. Suppose -5*u - 20 = -2*b, -26*u + b = -27*u - 4. What is j(u)?
7
Let h be (-74)/26 - 4/26. Suppose 31 = 4*u + 5*y, -3*u - y = -4*y - 3. Let l be (0 - (3 - u)) + h. Let o(s) = 2*s**2 + 3*s + 2. Calculate o(l).
4
Let d(b) = -5*b**2 + b + 2. Let c be (-2)/(-6) - (-64)/24. Let x(a) = a**2 - 1. Let i(v) = c*x(v) + d(v). Calculate i(2).
-7
Let q(v) = v + 3. Let p = 110 - 57. Suppose 0 = -5*u + 3*x + 47, -3*u + 4*x - 16 = -p. Determine q(u).
10
Suppose 0 = -2*r + 3*n - 11 - 40, 5*r + 70 = -4*n. Let x be (20/60)/(2/r). Let o(m) = m**3 + 2*m**2 - 4*m - 1. Determine o(x).
2
Let o(w) be the first derivative of -w**4/4 + 11*w**3/3 - 9*w**2/2 - 6*w + 1. Let i be 1*(-141)/(-15) + -6 + 495/75. What is o(i)?
4
Let j(i) = 2*i + 1. Suppose -g + 4*g - 33 = 4*o, 5*g + 3*o - 26 = 0. Suppose -17 = 4*u + g. Give j(u).
-11
Let j(s) = s**2 + 6*s - 9. Let y(a) = 3*a**2 + 11*a - 18. Let q(m) = 5*j(m) - 2*y(m). Let l = 35 - 28. What is q(l)?
-2
Let u(b) be the first derivative of 5*b - 1/4*b**4 + 2*b**2 - 5/3*b**3 + 9. Suppose -3*w + 6*d = d + 40, -5*w - 10 = 3*d. Calculate u(w).
-15
Let p(v) = v**2 - 2*v + 1. Let h(g) be the second derivative of g**3 + g**2/2 - 11*g. Let z be h(7). Let c = z + -41. What is p(c)?
1
Let c(d) = d - 19. Suppose 278 = 25*u + 3. What is c(u)?
-8
Let a(q) = -2*q**3 - q**2 + 1. Let g(l) = -5*l**3 - 6*l**2 - 4*l. Let y(s) = -2*a(s) + g(s). Let j be y(-2). Let m(f) = 4*f**2 + 4*f + 2. What is m(j)?
10
Let c(u) = -3 - 9*u**2 - u**3 - 7*u + 2*u**3 - u + 14*u - 9*u. What is c(9)?
-30
Let p(v) = v**3 + 2*v**2 - v. Let x be p(1). Suppose -5*i + 3*y = 28, x*y = -2*i + 7*y - 15. Let u(o) = 3*o + 11 + 5 - 4*o**2 + 2*o - o**3 - 24 + 5. Give u(i).
-3
Let c be (-140)/(-24) - 2/(-12). Let b(m) be the third derivative of -m**6/120 + m**5/10 + m**4/24 + m**3/3 - 449*m**2. Calculate b(c).
8
Let z(i) be the second derivative of i**5/20 + 7*i**4/12 - 2*i**3/3 + i**2 - 25*i. Determine z(-7).
30
Let a = -264 + 271. Let v(y) = -y**2 + 6*y + 1. Give v(a).
-6
Let l be (232/((-16)/4))/2. Let i = 31 + l. Let s(c) = -c**3 + 8*c - 2*c**2 + c - 2*c + 0*c**i + 5. Calculate s(-4).
9
Let g(r) = r**2 - 7*r + 15. Let i be g(3). Let v(h) = -4 + 1 + 3*h + 2 + 4. What is v(i)?
12
Let u be (208/(-78))/((-1)/(3/(-2))). Let i(x) = -x**2 + x**2 - 3*x + 2 - 4 - x**2. Give i(u).
-6
Let f(r) = -17*r**3 - 8*r**2 - 3*r - 16. Let g(n) = 14*n**3 + 6*n**2 + 4*n + 16. Let o(k) = 5*f(k) + 6*g(k). Determine o(-5).
-4
Suppose 35 - 9 = 13*v. Let k(x) be the first derivative of -v*x + 5 - 3/2*x**2. Give k(-5).
13
Let x(w) = w**3 + 4*w**2 + 3*w + 1. Let y be (3/2 + 0)/(207/(-276)). Calculate x(y).
3
Let u(f) = 2*f**2 + 4*f + 2. Suppose -4*w - 8 = 4*t, w + 1 - 7 = 3*t. Let d be u(t). Let c(n) = -2*n**2 + 2*n - 1. Give c(d).
-5
Let m(a) = -2*a**2 + 7*a - 5. Suppose d = -7*d + 24. Let q be ((-7)/21)/(d/(-36) - 0). Determine m(q).
-9
Let j(l) = 5*l + 23. Suppose 0 = -92*a - 8*a - 800. Determine j(a).
-17
Let d(w) = -w - 1. Let t(h) = 